{"id":50,"date":"2017-10-04T20:03:44","date_gmt":"2017-10-04T20:03:44","guid":{"rendered":"https:\/\/www.macalester.edu\/160-french\/20032004-2\/"},"modified":"2024-06-10T20:21:45","modified_gmt":"2024-06-10T20:21:45","slug":"20032004-2","status":"publish","type":"page","link":"https:\/\/www.macalester.edu\/french\/about\/events\/20032004-2\/","title":{"rendered":"Events"},"content":{"rendered":"<p>Tuesday, April 27<br>11:45 AM Humanities 401<br>Dr. Hilary Jones<br>History Department, Macalester College&nbsp;<br><strong>France and Africa: A History of Colonialism and Cultural Exchange in the town of Saint Louis, Senegal<\/strong><\/p>\n\n\n\n<p>Today the legacy of African and French interaction is evident in the plethora of French products, television shows and magazines imported to the French speaking areas of the continent. At the same time, metropolitan France finds itself transformed by the settlement of immigrants from sub-Saharan Africa and the introduction of new music and cuisine from these regions. The history of cultural exchange between Africa and France dates to the era of the Atlantic slave trade and became solidified during the period of formal colonial empires in the twentieth century. This talk explores the history of French and African interaction through an examination of Saint Louis \u2013 a port town and the former colonial capital of Senegal. A study of this vibrant nineteenth century center and the Muslim black African, mixed race and European residents that inhabited this coastal town offers new insight into the nature of French-African relations in the period of colonial rule.<\/p>\n\n\n\n<hr class=\"wp-block-separator has-alpha-channel-opacity\" \/>\n\n\n\n<p>Monday, March 1&nbsp;<br>4:30 PM John B. Davis Lecture Hall<br>Aminata Sow Fall<br>Senegalese Novelist&nbsp;<br><strong>African Women: When Light Emerges from Darkness<br>Femme africaine: Quand la lumi\u00e8re jaillit de l&#8217;ombre<\/strong><\/p>\n\n\n\n<hr class=\"wp-block-separator has-alpha-channel-opacity\" \/>\n\n\n\n<p>Thursday, February 19<br>11:45 AM Humanities 401<br>Dr. Francine Conley<br>French Department, College of St. Catherine&nbsp;<br><strong>1968: Was There a Revolution Coming?<\/strong><\/p>\n\n\n\n<p>In May 1968, what started as a student protest against the French university system rapidly grew into a full-scale revolt, as workers and students went on strike in support of social reform. Barricades were erected in the Latin Quarter, and an all-out student revolt began. By May 18, 10 million workers were on strike in solidarity with the students. The government responded by deploying tank and commando units in the streets of Paris. This talk takes a look back at 1968 and how the arts &#8212; in particular, theatre &#8212; responded to the euphoria and changes brought on by the confusion of May 1968 in France.<\/p>\n\n\n\n<hr class=\"wp-block-separator has-alpha-channel-opacity\" \/>\n\n\n\n<p>Thursday, December 4<br>11:45 AM Humanities 401<br>Dr. J.B. Shank<em><br><\/em> Department of History, Univeristy of Minnesota&nbsp;<em><br><\/em> <strong>Between France and America: The Life and Political Thought of Alexis de Tocqueville<\/strong><\/p>\n\n\n\n<p>In 1831, the French aristocrat Alexis de Tocqueville spent the better part of a year touring the recently founded United States of America. The result was his monumental La D\u00e9mocratie en Am\u00e9rique, a work that quickly became a classic of American political and social thought. Returning to France, de Tocqueville witnessed the revolutionary upheavals of the July Monarchy, the revolution of 1848, and the ascent of Louis Napoleon Bonaparte\u2019s Second French Empire. Near the end of his life, de Tocqueville turned his observations of French revolutionary upheavals into a comparable account of the development of modern France, L\u2019Ancien R\u00e9gime et la R\u00e9volution Fran\u00e7aise, published in 1851. With an eye toward the recent flare up of Franco-American tensions, this talk will explore de Tocqueville\u2019s navigation between the parallel French and American traditions of democracy<\/p>\n\n\n\n<hr class=\"wp-block-separator has-alpha-channel-opacity\" \/>\n\n\n\n<p>Thursday, November 6<br>11:45 AM Humanities 401<br>Dr. Cecilia Konchar Farr<em><br><\/em> Department of Engligh, College of St. Catherine<em><br><\/em> <strong>The Lost Generation in Paris: American Expatriates<\/strong><\/p>\n\n\n\n<p>Paris in the 1920\u2019s was home to some of the finest young American writers, among them Ernest Hemingway, Gertrude Stein, Djuna Barnes, Ezra Pound and Langston Hughes. In Left Bank bars and cafes and in Sylvia Beach\u2019s Shakespeare and Co. bookstore, these writers and their friends created a community that both embraced and resisted its own American roots. With influences as diverse as cubism and communism, the rise of fascism and the growing influence of jazz music, they explored together what it means to be an expatriate and how, as Stein famously stated, \u201cWe are all a lost generation.&#8221;<\/p>\n\n\n\n<hr class=\"wp-block-separator has-alpha-channel-opacity\" \/>\n\n\n\n<p>Tuesday, October 14<br>11:45 AM in Olin Rice 100<br>Dr. Babila J. Mutia<br>Department of English, University of Yaounde I, Cameroon<em><br><\/em> <strong>African Storytelling<\/strong><\/p>\n\n\n\n<p>Dr. Babila Mutia, a professional storyteller from Cameroon, will dramatize one of his stories after a brief introduction of storytelling in Africa.<\/p>\n\n\n\n<p>Dr. Mutia is currently the Head of the English Department at Ecole Normale Sup\u00e9rieure, The University of Yaounde I-Cameroon.<\/p>","protected":false},"excerpt":{"rendered":"<p>Tuesday, April 2711:45 AM Humanities 401Dr. Hilary JonesHistory Department, Macalester College&nbsp;France and Africa: A History of Colonialism and Cultural Exchange in the town of Saint Louis, Senegal Today the legacy of African and French interaction is evident in the plethora of French products, television shows and magazines imported to the French speaking areas of the [&hellip;]<\/p>","protected":false},"author":913,"featured_media":0,"parent":63,"menu_order":0,"comment_status":"open","ping_status":"open","template":"","meta":{"_acf_changed":false,"footnotes":""},"class_list":["post-50","page","type-page","status-publish","hentry"],"acf":[],"_links":{"self":[{"href":"https:\/\/www.macalester.edu\/french\/wp-json\/wp\/v2\/pages\/50","targetHints":{"allow":["GET"]}}],"collection":[{"href":"https:\/\/www.macalester.edu\/french\/wp-json\/wp\/v2\/pages"}],"about":[{"href":"https:\/\/www.macalester.edu\/french\/wp-json\/wp\/v2\/types\/page"}],"author":[{"embeddable":true,"href":"https:\/\/www.macalester.edu\/french\/wp-json\/wp\/v2\/users\/913"}],"replies":[{"embeddable":true,"href":"https:\/\/www.macalester.edu\/french\/wp-json\/wp\/v2\/comments?post=50"}],"version-history":[{"count":2,"href":"https:\/\/www.macalester.edu\/french\/wp-json\/wp\/v2\/pages\/50\/revisions"}],"predecessor-version":[{"id":1035,"href":"https:\/\/www.macalester.edu\/french\/wp-json\/wp\/v2\/pages\/50\/revisions\/1035"}],"up":[{"embeddable":true,"href":"https:\/\/www.macalester.edu\/french\/wp-json\/wp\/v2\/pages\/63"}],"wp:attachment":[{"href":"https:\/\/www.macalester.edu\/french\/wp-json\/wp\/v2\/media?parent=50"}],"curies":[{"name":"wp","href":"https:\/\/api.w.org\/{rel}","templated":true}]}}