{"id":51,"date":"2024-08-26T20:07:50","date_gmt":"2024-08-26T20:07:50","guid":{"rendered":"https:\/\/www.macalester.edu\/160-native-indigenous-initiative\/?page_id=51"},"modified":"2024-08-31T00:53:25","modified_gmt":"2024-08-31T00:53:25","slug":"indigenizing-initiatives","status":"publish","type":"page","link":"https:\/\/www.macalester.edu\/native-indigenous-initiative\/indigenizing-initiatives\/","title":{"rendered":"Indigenizing Initiatives"},"content":{"rendered":"<p>Projects initiated and developed by teams of Macalester staff, faculty, and students that help expand the reach in our MNI programming endeavors.<\/p>\n\n\n\n<h2 class=\"wp-block-heading\">2023-2024<\/h2>\n\n\n\n<ul class=\"wp-block-list\">\n<li><strong>Three Sisters Garden at Macalester<\/strong> created by alum Cait Bergeon (Menominee) in collaboration with Megan Butler (Macalester\u2019s Sustainability Director). Supported by an incredible team of students: Meira Smit \u201825, Jenna Hawkes \u201825, Oliver Matus-Bond \u201826, and Abby White \u201826.<\/li>\n<\/ul>\n\n\n<section class=\"callout-video-player block-container\" >\n    <swiper-gallery v-once>\n\t\t    <div class=\"swiper-slide\">\n\t\t<div class=\"swiper-image-container\">\n                    <img decoding=\"async\" src=\"https:\/\/www.macalester.edu\/native-indigenous-initiative\/wp-content\/uploads\/sites\/613\/2024\/08\/Garden-bed-960x0-c-default.jpg\" srcset=\"                    https:\/\/www.macalester.edu\/native-indigenous-initiative\/wp-content\/uploads\/sites\/613\/2024\/08\/Garden-bed-480x0-c-default.jpg     480w,                     https:\/\/www.macalester.edu\/native-indigenous-initiative\/wp-content\/uploads\/sites\/613\/2024\/08\/Garden-bed-720x0-c-default.jpg     720w,                     https:\/\/www.macalester.edu\/native-indigenous-initiative\/wp-content\/uploads\/sites\/613\/2024\/08\/Garden-bed-960x0-c-default.jpg     960w,                     https:\/\/www.macalester.edu\/native-indigenous-initiative\/wp-content\/uploads\/sites\/613\/2024\/08\/Garden-bed-1280x0-c-default.jpg    1280w                    \">\n\t\t    \t\t<\/div>\n            <\/div>\n\t\t    <div class=\"swiper-slide\">\n\t\t<div class=\"swiper-image-container\">\n                    <img decoding=\"async\" src=\"https:\/\/www.macalester.edu\/native-indigenous-initiative\/wp-content\/uploads\/sites\/613\/2024\/08\/Squash-and-Beans-960x0-c-default.jpg\" srcset=\"                    https:\/\/www.macalester.edu\/native-indigenous-initiative\/wp-content\/uploads\/sites\/613\/2024\/08\/Squash-and-Beans-480x0-c-default.jpg     480w,                     https:\/\/www.macalester.edu\/native-indigenous-initiative\/wp-content\/uploads\/sites\/613\/2024\/08\/Squash-and-Beans-720x0-c-default.jpg     720w,                     https:\/\/www.macalester.edu\/native-indigenous-initiative\/wp-content\/uploads\/sites\/613\/2024\/08\/Squash-and-Beans-960x0-c-default.jpg     960w,                     https:\/\/www.macalester.edu\/native-indigenous-initiative\/wp-content\/uploads\/sites\/613\/2024\/08\/Squash-and-Beans-1280x0-c-default.jpg    1280w                    \">\n\t\t    \t\t<\/div>\n            <\/div>\n\t\t    <div class=\"swiper-slide\">\n\t\t<div class=\"swiper-image-container\">\n                    <img decoding=\"async\" src=\"https:\/\/www.macalester.edu\/native-indigenous-initiative\/wp-content\/uploads\/sites\/613\/2024\/08\/Squash-960x0-c-default.jpg\" srcset=\"                    https:\/\/www.macalester.edu\/native-indigenous-initiative\/wp-content\/uploads\/sites\/613\/2024\/08\/Squash-480x0-c-default.jpg     480w,                     https:\/\/www.macalester.edu\/native-indigenous-initiative\/wp-content\/uploads\/sites\/613\/2024\/08\/Squash-720x0-c-default.jpg     720w,                     https:\/\/www.macalester.edu\/native-indigenous-initiative\/wp-content\/uploads\/sites\/613\/2024\/08\/Squash-960x0-c-default.jpg     960w,                     https:\/\/www.macalester.edu\/native-indigenous-initiative\/wp-content\/uploads\/sites\/613\/2024\/08\/Squash-1280x0-c-default.jpg    1280w                    \">\n\t\t    \t\t<\/div>\n            <\/div>\n\t\t    <div class=\"swiper-slide\">\n\t\t<div class=\"swiper-image-container\">\n                    <img decoding=\"async\" src=\"https:\/\/www.macalester.edu\/native-indigenous-initiative\/wp-content\/uploads\/sites\/613\/2024\/08\/Sunflower-960x0-c-default.jpg\" srcset=\"                    https:\/\/www.macalester.edu\/native-indigenous-initiative\/wp-content\/uploads\/sites\/613\/2024\/08\/Sunflower-480x0-c-default.jpg     480w,                     https:\/\/www.macalester.edu\/native-indigenous-initiative\/wp-content\/uploads\/sites\/613\/2024\/08\/Sunflower-720x0-c-default.jpg     720w,                     https:\/\/www.macalester.edu\/native-indigenous-initiative\/wp-content\/uploads\/sites\/613\/2024\/08\/Sunflower-960x0-c-default.jpg     960w,                     https:\/\/www.macalester.edu\/native-indigenous-initiative\/wp-content\/uploads\/sites\/613\/2024\/08\/Sunflower-1280x0-c-default.jpg    1280w                    \">\n\t\t    \t\t<\/div>\n            <\/div>\n\t    <\/swiper-gallery>\n<\/section>\n\n\n\n<ul class=\"wp-block-list\">\n<li><strong><em>Honor the Earth at 30<\/em> celebration<\/strong>, where Macalester College and Honor the Earth panelists talked about the future of Indigenous Environmental Justice. Panelists also shared strategies and outcomes to help educate and illuminate the path moving forward.\n<ul class=\"wp-block-list\">\n<li>Panelists included <em>Sii-am Hamilton<\/em> (St\u00f3:l\u014d &amp; Nuu\u010daan\u0313u\u0142 intergenerational land defender and non-violent direct action trainer\/ organizer); <em>Ta&#8217;Kaiya Blaney<\/em> (Tli\u2019amin First Nation, language advocate and direct action organizer); <em>Denzel Sutherland-Wilson<\/em> (Gitxsan land defender and traditional craftsman); <em>Anpo Jensen<\/em> (Oglala Lakota environmental engineer and treaty rights advocate); and the keynote speaker was <em>Krystal Two Bulls<\/em> (Oglala Lakota &amp; Northern Cheyenne organizer and Executive Director of Honor the Earth)<\/li>\n<\/ul>\n<\/li>\n\n\n\n<li><strong>Performance of <em>American Ledger No. 1 <\/em>by Raven Chacon<\/strong> (Din\u00e9), to be conducted by<a href=\"https:\/\/soundcloud.com\/strangeco\"> <\/a>Dameun Strange &#8217;95 on Saturday, March 2, 2024. The performanceis a public program of <em>Deathpower<\/em>, a group exhibition curated by Erin Gleeson (February 9 &#8211; March 20, 2024). The event is generously supported by the Macalester Native and Indigenous (MNI) Initiative and FD13 residency for the arts.&nbsp;<\/li>\n\n\n\n<li><strong>\u201cActs of Resistance: Zapotec Scholarship,\u201d<\/strong> <strong>Professor Christina Esposito, Linguistics: <\/strong>Poetry reading with Felipe H. Lopez (October 2023), Xochitl Flores-Marcial of the Ticha Project.<\/li>\n\n\n\n<li><strong>\u201cLearning from Place,\u201d Professor<\/strong> <strong>Dan Trudeau, Geography<\/strong><br>Faculty, staff, and students attended the Bdote: Learning from Place workshop (October 2023).<\/li>\n\n\n\n<li><strong>\u201cNew Approaches to Research on Racism with Youth,\u201d <\/strong>a community visit with Eve Tuck &amp; K. Wayne Yang (March 2024), <strong>Professor Brian Lozenski (Educational Studies) and Cait Bergeon (Faculty Engagement Associate)<\/strong>.<\/li>\n\n\n\n<li><strong>\u201cNative Ecologies: EnviroThursday Speaker Series\u201d Professors Kiri Sailiata (American Studies) and Chris Wells (Environmental Studies)<\/strong>. Native and Indigenous Speakers Series: Diane Wilson, Deondre Smiles (Leech Lake).<\/li>\n<\/ul>\n\n\n\n<h2 class=\"wp-block-heading\">2022-2023<\/h2>\n\n\n\n<ul class=\"wp-block-list\">\n<li>Hosted <em>Voices From Pejuhutazizi<\/em> book reading and Q&amp;A\n<ul class=\"wp-block-list\">\n<li>Book reading and Q&amp;A with author Walter (Super) LaBatte Jr. [Mac class of 1970] and co-author Teresa Peterson<\/li>\n\n\n\n<li><a href=\"https:\/\/vimeo.com\/777008982\/751d9ed43b\">Video recording<\/a><\/li>\n\n\n\n<li><em>Mac Weekly <\/em><a href=\"https:\/\/themacweekly.com\/81689\/news\/dakota-stories-and-storytelling-for-native-american-heritage-month\/\">article<\/a><\/li>\n<\/ul>\n<\/li>\n<\/ul>\n\n\n\n<ul class=\"wp-block-list\">\n<li>Hosted a community read of <em>Voices From Pejuhutazizi<\/em>, which included a visit from Jim Bear Jacobs<\/li>\n<\/ul>","protected":false},"excerpt":{"rendered":"<p>Projects initiated and developed by teams of Macalester staff, faculty, and students that help expand the reach in our MNI programming endeavors. 2023-2024 2022-2023<\/p>","protected":false},"author":875,"featured_media":0,"parent":0,"menu_order":0,"comment_status":"closed","ping_status":"closed","template":"","meta":{"_acf_changed":false,"footnotes":""},"class_list":["post-51","page","type-page","status-publish","hentry"],"acf":[],"_links":{"self":[{"href":"https:\/\/www.macalester.edu\/native-indigenous-initiative\/wp-json\/wp\/v2\/pages\/51","targetHints":{"allow":["GET"]}}],"collection":[{"href":"https:\/\/www.macalester.edu\/native-indigenous-initiative\/wp-json\/wp\/v2\/pages"}],"about":[{"href":"https:\/\/www.macalester.edu\/native-indigenous-initiative\/wp-json\/wp\/v2\/types\/page"}],"author":[{"embeddable":true,"href":"https:\/\/www.macalester.edu\/native-indigenous-initiative\/wp-json\/wp\/v2\/users\/875"}],"replies":[{"embeddable":true,"href":"https:\/\/www.macalester.edu\/native-indigenous-initiative\/wp-json\/wp\/v2\/comments?post=51"}],"version-history":[{"count":15,"href":"https:\/\/www.macalester.edu\/native-indigenous-initiative\/wp-json\/wp\/v2\/pages\/51\/revisions"}],"predecessor-version":[{"id":147,"href":"https:\/\/www.macalester.edu\/native-indigenous-initiative\/wp-json\/wp\/v2\/pages\/51\/revisions\/147"}],"wp:attachment":[{"href":"https:\/\/www.macalester.edu\/native-indigenous-initiative\/wp-json\/wp\/v2\/media?parent=51"}],"curies":[{"name":"wp","href":"https:\/\/api.w.org\/{rel}","templated":true}]}}