{"id":673,"date":"2025-08-26T14:07:37","date_gmt":"2025-08-26T19:07:37","guid":{"rendered":"https:\/\/www.macalester.edu\/smail-gallery\/?page_id=673"},"modified":"2025-08-26T14:07:38","modified_gmt":"2025-08-26T19:07:38","slug":"20242025-2","status":"publish","type":"page","link":"https:\/\/www.macalester.edu\/smail-gallery\/pastexhibits\/20242025-2\/","title":{"rendered":"Energy of the Sun"},"content":{"rendered":"<h2 class=\"wp-block-heading\"><\/h2>\n\n\n\n<h3 class=\"wp-block-heading\">by Stephanie A. Lindquist<\/h3>\n\n\n\n<figure class=\"wp-block-image aligncenter size-full\"><img loading=\"lazy\" decoding=\"async\" width=\"450\" height=\"605\" src=\"https:\/\/www.macalester.edu\/smail-gallery\/wp-content\/uploads\/sites\/435\/EnergyOfTheSun-1-1.jpg\" alt=\"\" class=\"wp-image-635\" srcset=\"https:\/\/www.macalester.edu\/smail-gallery\/wp-content\/uploads\/sites\/435\/EnergyOfTheSun-1-1.jpg 450w,  https:\/\/www.macalester.edu\/smail-gallery\/wp-content\/uploads\/sites\/435\/EnergyOfTheSun-1-1-223x300.jpg 223w\" sizes=\"auto, (max-width: 450px) 100vw, 450px\" \/><\/figure>\n\n\n\n<figure class=\"wp-block-image aligncenter size-full\"><img loading=\"lazy\" decoding=\"async\" width=\"450\" height=\"472\" src=\"https:\/\/www.macalester.edu\/smail-gallery\/wp-content\/uploads\/sites\/435\/EnergyOfTheSun-2-1.jpg\" alt=\"\" class=\"wp-image-637\" srcset=\"https:\/\/www.macalester.edu\/smail-gallery\/wp-content\/uploads\/sites\/435\/EnergyOfTheSun-2-1.jpg 450w,  https:\/\/www.macalester.edu\/smail-gallery\/wp-content\/uploads\/sites\/435\/EnergyOfTheSun-2-1-286x300.jpg 286w\" sizes=\"auto, (max-width: 450px) 100vw, 450px\" \/><\/figure>\n\n\n\n<figure class=\"wp-block-image aligncenter size-full\"><img loading=\"lazy\" decoding=\"async\" width=\"450\" height=\"300\" src=\"https:\/\/www.macalester.edu\/smail-gallery\/wp-content\/uploads\/sites\/435\/EnergyOfTheSun-3-1.jpg\" alt=\"\" class=\"wp-image-641\" srcset=\"https:\/\/www.macalester.edu\/smail-gallery\/wp-content\/uploads\/sites\/435\/EnergyOfTheSun-3-1.jpg 450w,  https:\/\/www.macalester.edu\/smail-gallery\/wp-content\/uploads\/sites\/435\/EnergyOfTheSun-3-1-300x200.jpg 300w\" sizes=\"auto, (max-width: 450px) 100vw, 450px\" \/><\/figure>\n\n\n\n<figure class=\"wp-block-image aligncenter size-full\"><img loading=\"lazy\" decoding=\"async\" width=\"450\" height=\"487\" src=\"https:\/\/www.macalester.edu\/smail-gallery\/wp-content\/uploads\/sites\/435\/EnergyOfTheSun-4-1.jpg\" alt=\"\" class=\"wp-image-643\" srcset=\"https:\/\/www.macalester.edu\/smail-gallery\/wp-content\/uploads\/sites\/435\/EnergyOfTheSun-4-1.jpg 450w,  https:\/\/www.macalester.edu\/smail-gallery\/wp-content\/uploads\/sites\/435\/EnergyOfTheSun-4-1-277x300.jpg 277w\" sizes=\"auto, (max-width: 450px) 100vw, 450px\" \/><\/figure>\n\n\n\n<h4 class=\"wp-block-heading\">A Note from the Artist<\/h4>\n\n\n\n<p>This particular handmade paper from Eastern Cottonwood seeds would not exist without me having journeyed down the Mississippi River as part of the River Semester in fall 2023. For 7 weeks I joined a friendly crew of mostly Midwest college students, professors, and guests to sail down the great river out to the Gulf of Mexico. Armed with our unique interests, every day was an opportunity to learn from each other, the water, the batture (land between the river and the levees), the activists, artists, educators, and naturalists that we met along the way.<\/p>\n\n\n\n<p>Falling evermore deeply in love with plants, I spent time wandering the batture greeting and attempting to identify plants I had never met before. Among them was Fragrant Flatsedge (Cyperus odoratus), which I read had once been used to make paper. Not knowing what to make, I felt inspired to try making handmade paper. After a few days of blending, chopping, soaking, then pouring the sedge onto my mosquito head net on the river\u2019s beach, I accepted that I was not going to be able to break down the plant\u2019s cellulose into a pulp.<\/p>\n\n\n\n<p>Luckily one night when returning to my tent I noticed a pulpy mash of Cottonwood seeds buried under the leaves. Over the weeks students helped me clean the hairs by removing much of the seeds\u2019 husks. Retted from sparse rain over 5 months, the seeds&#8217; soft fibers were easy to blend and pour then eventually pull my first sheet of soft handmade paper.<\/p>\n\n\n\n<p>The first industry that we sailed past when entering Louisiana\u2019s Chemical Corridor on the Mississippi River, manufactures bleached kraft pulp for tissue and paper\u2013perhaps even the toilet paper we so preciously carried. In contrast to this industrial scale, my gesture of very slowly crafting paper without discharging pollutants into the water and ground reconnected me to this seemingly mundane material that I often take for granted.<\/p>\n\n\n\n<p>Back in the Twin Cities the following summer I harvested bags of Cottonwood seeds from North Mississippi Regional Park. I felt unsure how much to clean the seeds\u2019 hair. I soon learned that the less I cleaned them and the more that I incorporated all parts of the seeds in the grinding process, the crispier and less fabric like the speckled paper became.<\/p>\n\n\n\n<p>I would be remiss not to acknowledge the sacred qualities of wa\u01e7a\u010da\u014b (to take off the wood), \u010da\u014b wak\u00e1\u014b (name used at Sundance), \u010da\u014bya\u021fu (medicinal name) known to the Dakota people since before time. The Cottonwood holds a star (which one can see in the pith) and connects the people on earth to the stars, thunder, and spiritual world. The Dakota have also known that the Cottonwood attracts\/finds water and sends their roots to other sick trees in need. The inner bark may be used as food and medicine for humans and horses. And the buds are praised for their decongesting and pain relieving resin\u2013also used by bees to make propolis in their hives.<\/p>\n\n\n\n<p>My deepest thanks to Joe Underhill, John Kim, Kirisitina Sailiata, Roopali Phadke, Tia-Simone Gardner, Jeremy Meckler, Alicia Johnson, and Macalester and River Semester 2023 students who enriched and supported my development and work over this time. I\u2019d also like to extend my thanks to Katie Hochman for harvesting with me and to Wakan Tipi and Jim Red Eagle for providing information online about Eastern Cottonwood and this sacred tree\u2019s many gifts.<\/p>\n\n\n\n<p>With gratitude,<br>Stephanie A. Lindquist<\/p>\n\n\n\n<h4 class=\"wp-block-heading\">About the Artist<\/h4>\n\n\n\n<p>Originally from Los Angeles, Stephanie A. Lindquist transplanted here by way of New York. As Macalester\u2019s first Artist-in-Residence (2022-2024) she collaborated with activists, educators, students, and community members around the Mississippi River. Outputs included providing free saunas co-hosted by youth in the community, creating herbal first aid kits\/gifts inspired by Erica Fargione\u2019s classes at Minneapolis Community and Technical College, organizing free plant medicine workshops in a northside garden led by local herbalists, sailing with college students down the Mississippi River to the Gulf, making paper from Cottonwood seeds, and completing a series of paintings made from soil from Sierra Leone. She looks forward to doing the work of being an Artist-in-Residence at North Mississippi River Regional Park as part of Forecast\u2019s pilot program for the next year. To see more of her work, visit <a href=\"http:\/\/stephaniealindquist.com\">stephaniealindquist.com<\/a>.<\/p>\n\n\n\n<p><\/p>","protected":false},"excerpt":{"rendered":"<p>by Stephanie A. Lindquist A Note from the Artist This particular handmade paper from Eastern Cottonwood seeds would not exist without me having journeyed down the Mississippi River as part of the River Semester in fall 2023. For 7 weeks I joined a friendly crew of mostly Midwest college students, professors, and guests to sail [&hellip;]<\/p>","protected":false},"author":332,"featured_media":0,"parent":74,"menu_order":0,"comment_status":"closed","ping_status":"closed","template":"","meta":{"_acf_changed":false,"footnotes":""},"class_list":["post-673","page","type-page","status-publish","hentry"],"acf":[],"_links":{"self":[{"href":"https:\/\/www.macalester.edu\/smail-gallery\/wp-json\/wp\/v2\/pages\/673","targetHints":{"allow":["GET"]}}],"collection":[{"href":"https:\/\/www.macalester.edu\/smail-gallery\/wp-json\/wp\/v2\/pages"}],"about":[{"href":"https:\/\/www.macalester.edu\/smail-gallery\/wp-json\/wp\/v2\/types\/page"}],"author":[{"embeddable":true,"href":"https:\/\/www.macalester.edu\/smail-gallery\/wp-json\/wp\/v2\/users\/332"}],"replies":[{"embeddable":true,"href":"https:\/\/www.macalester.edu\/smail-gallery\/wp-json\/wp\/v2\/comments?post=673"}],"version-history":[{"count":1,"href":"https:\/\/www.macalester.edu\/smail-gallery\/wp-json\/wp\/v2\/pages\/673\/revisions"}],"predecessor-version":[{"id":675,"href":"https:\/\/www.macalester.edu\/smail-gallery\/wp-json\/wp\/v2\/pages\/673\/revisions\/675"}],"up":[{"embeddable":true,"href":"https:\/\/www.macalester.edu\/smail-gallery\/wp-json\/wp\/v2\/pages\/74"}],"wp:attachment":[{"href":"https:\/\/www.macalester.edu\/smail-gallery\/wp-json\/wp\/v2\/media?parent=673"}],"curies":[{"name":"wp","href":"https:\/\/api.w.org\/{rel}","templated":true}]}}