{"id":10779,"date":"2025-05-07T20:28:14","date_gmt":"2025-05-07T20:28:14","guid":{"rendered":"https:\/\/www.macalester.edu\/the-words\/?page_id=10779"},"modified":"2025-05-07T20:45:40","modified_gmt":"2025-05-07T20:45:40","slug":"the-words-may-2025","status":"publish","type":"page","link":"https:\/\/www.macalester.edu\/the-words\/home-2\/the-words-may-2025\/","title":{"rendered":"The Words: May 2025"},"content":{"rendered":"<figure class=\"wp-block-image aligncenter size-large is-resized\"><img loading=\"lazy\" decoding=\"async\" width=\"1024\" height=\"611\" src=\"https:\/\/www.macalester.edu\/the-words\/wp-content\/uploads\/sites\/603\/2024\/09\/words-new-cover-1024x611.png\" alt=\"\" class=\"wp-image-9099\" style=\"width:1248px;height:auto\" srcset=\"https:\/\/www.macalester.edu\/the-words\/wp-content\/uploads\/sites\/603\/2024\/09\/words-new-cover-1024x611.png 1024w,  https:\/\/www.macalester.edu\/the-words\/wp-content\/uploads\/sites\/603\/2024\/09\/words-new-cover-300x179.png 300w,  https:\/\/www.macalester.edu\/the-words\/wp-content\/uploads\/sites\/603\/2024\/09\/words-new-cover-768x458.png 768w,  https:\/\/www.macalester.edu\/the-words\/wp-content\/uploads\/sites\/603\/2024\/09\/words-new-cover-1536x916.png 1536w,  https:\/\/www.macalester.edu\/the-words\/wp-content\/uploads\/sites\/603\/2024\/09\/words-new-cover.png 1903w\" sizes=\"auto, (max-width: 1024px) 100vw, 1024px\" \/><\/figure>\n\n\n<section class=\"context-image block-container context-image--right\" >\n    <div class=\"context-image__inner\">\n        <div class=\"context-image__image-column\">\n            <div class=\"context-image__image-wrapper\">\n                <img decoding=\"async\" alt=\"\" aria-hidden=\"true\" class=\"context-image__texture\" src=\"\/wp-content\/themes\/macalester-2020\/dist\/images\/texture-context-image.png\">\n                <img decoding=\"async\" alt=\"The cake honoring all our wonderful capstone and honors project presenters across all nights -- delivered and eaten on Night #3\" class=\"context-image__image\" src=\"https:\/\/www.macalester.edu\/the-words\/wp-content\/uploads\/sites\/603\/2025\/05\/IMG_0991-scaled.jpg\">\n            <\/div>\n        <\/div>\n        <div class=\"context-image__text-column\">\n            <div class=\"base-lockup\">\n\t\t\t    \t\t\t        <span class=\"base-lockup__label\">by Peyton Williamson &#8217;27 and Daniel Graham &#8217;26<\/span>\n\t\t\t    \t\t\t    \t\t\t        <h2 class=\"base-lockup__heading\">Spring Capstones: Creative and Critical Works<\/h2>\n\t\t\t    \t\t\t    \t\t\t        <p class=\"base-lockup__copy\">This year\u2019s senior English Capstone presentations showcased the stunning range and depth of the department\u2019s creative and critical work. Spanning three evenings, students shared their projects that explored themes that ranged everything from identity, grief, love, memory, rebellion, language, and healing\u2014often through genre-defying forms. From novels and screenplays to poetry collections and academic essays, these Capstones reflect not only the individual voices of their author but also the intellectual curiosity, emotional resonance, and interdisciplinary thinking that characterize the department as a whole.<\/p>\n\t\t\t    \t\t\t    \t\t\t        <div class=\"base-lockup__cta\">\n\t\t\t            <a class=\"base-cta-primary\" href=\"https:\/\/www.macalester.edu\/the-words\/home\/the-words-may-2025\/spring-capstones-creative-and-critical-works-from-the-departments-finest\/\" target=\"_self\">Read More<\/a>\n\t\t\t        <\/div>\n\t\t\t    \t\t\t<\/div>\n        <\/div>\n    <\/div>\n<\/section>\n\n\n<section class=\"context-image block-container context-image--right\" >\n    <div class=\"context-image__inner\">\n        <div class=\"context-image__image-column\">\n            <div class=\"context-image__image-wrapper\">\n                <img decoding=\"async\" alt=\"\" aria-hidden=\"true\" class=\"context-image__texture\" src=\"\/wp-content\/themes\/macalester-2020\/dist\/images\/texture-context-image.png\">\n                <img decoding=\"async\" alt=\"Tables of English students and staff sit and celebrate with sparkling juice in the Weyerhaeuser Board room\" class=\"context-image__image\" src=\"https:\/\/www.macalester.edu\/the-words\/wp-content\/uploads\/sites\/603\/2025\/05\/IMG_1112-scaled.jpg\">\n            <\/div>\n        <\/div>\n        <div class=\"context-image__text-column\">\n            <div class=\"base-lockup\">\n\t\t\t    \t\t\t        <span class=\"base-lockup__label\">by Beja Pu\u0161k\u00e1\u0161ov\u00e1 &#8217;26<\/span>\n\t\t\t    \t\t\t    \t\t\t        <h2 class=\"base-lockup__heading\">Time to Celebrate: English End-of-Year<\/h2>\n\t\t\t    \t\t\t    \t\t\t        <p class=\"base-lockup__copy\">As it does every year, the English Department hosted its End-of-Year Celebration to honor the achievements of its beloved students and faculty on May 5th. Accompanied by a singing performance with English major senior Eva Markham \u201925 and the Year in Review slideshow running in the background, the English community gathered to enjoy a celebration meal together. Department Chair Matt Burgess welcomed English majors, minors, and faculty, officially starting the evening\u2019s program.<\/p>\n\t\t\t    \t\t\t    \t\t\t        <div class=\"base-lockup__cta\">\n\t\t\t            <a class=\"base-cta-primary\" href=\"https:\/\/www.macalester.edu\/the-words\/home\/the-words-may-2025\/time-to-celebrate-english-end-of-year\/\" target=\"_self\">Read More<\/a>\n\t\t\t        <\/div>\n\t\t\t    \t\t\t<\/div>\n        <\/div>\n    <\/div>\n<\/section>\n\n\n<section class=\"context-image block-container context-image--right\" >\n    <div class=\"context-image__inner\">\n        <div class=\"context-image__image-column\">\n            <div class=\"context-image__image-wrapper\">\n                <img decoding=\"async\" alt=\"\" aria-hidden=\"true\" class=\"context-image__texture\" src=\"\/wp-content\/themes\/macalester-2020\/dist\/images\/texture-context-image.png\">\n                <img decoding=\"async\" alt=\"A collage of five recent winners of the Livingston Patnode Award who wanted their photograph to be featured\" class=\"context-image__image\" src=\"https:\/\/www.macalester.edu\/the-words\/wp-content\/uploads\/sites\/603\/2025\/05\/Screenshot-2025-05-07-at-3.05.32\u202fPM.png\">\n            <\/div>\n        <\/div>\n        <div class=\"context-image__text-column\">\n            <div class=\"base-lockup\">\n\t\t\t    \t\t\t        <span class=\"base-lockup__label\">by Callisto Martinez &#8217;26<\/span>\n\t\t\t    \t\t\t    \t\t\t        <h2 class=\"base-lockup__heading\">Recent words from Livingston-Patnode award winners<\/h2>\n\t\t\t    \t\t\t    \t\t\t        <p class=\"base-lockup__copy\">The English Department\u2019s Livingston Patnode award is annually presented to an outgoing senior who makes a special contribution to the English Department in their time at Macalester. To see how our previous award recipients bring their skills and experiences gained in the English Department to the communities they\u2019re engaging with now, The Words reached out to each recipient for an update. Read on to find out their responses!<\/p>\n\t\t\t    \t\t\t    \t\t\t        <div class=\"base-lockup__cta\">\n\t\t\t            <a class=\"base-cta-primary\" href=\"https:\/\/www.macalester.edu\/the-words\/home\/the-words-may-2025\/recent-words-from-livingston-patnode-award-winners\/\" target=\"_self\">Read More<\/a>\n\t\t\t        <\/div>\n\t\t\t    \t\t\t<\/div>\n        <\/div>\n    <\/div>\n<\/section>\n\n\n<section class=\"context-image block-container context-image--right\" >\n    <div class=\"context-image__inner\">\n        <div class=\"context-image__image-column\">\n            <div class=\"context-image__image-wrapper\">\n                <img decoding=\"async\" alt=\"\" aria-hidden=\"true\" class=\"context-image__texture\" src=\"\/wp-content\/themes\/macalester-2020\/dist\/images\/texture-context-image.png\">\n                <img decoding=\"async\" alt=\"Birdie Keller sits, largely obscured by shadows, in Old Main's fourth floor, and looks pensively out the skylight window.\" class=\"context-image__image\" src=\"https:\/\/www.macalester.edu\/the-words\/wp-content\/uploads\/sites\/603\/2025\/05\/Screenshot-2025-05-07-at-1.44.00\u202fPM.png\">\n            <\/div>\n        <\/div>\n        <div class=\"context-image__text-column\">\n            <div class=\"base-lockup\">\n\t\t\t    \t\t\t        <span class=\"base-lockup__label\">by Birdie Keller &#8217;25<\/span>\n\t\t\t    \t\t\t    \t\t\t        <h2 class=\"base-lockup__heading\">Birdie&#8217;s Parting Words<\/h2>\n\t\t\t    \t\t\t    \t\t\t        <p class=\"base-lockup__copy\">This type of community doesn\u2019t happen by accident. Aside from staggering skill in their respective fields, the English Department faculty possess incredible care, insight, and intention that they invest in their students; this is a massive part of what makes this department as special as it is. In Penelope Geng and Daylanne English\u2019s classes, I found genuine joy in doing analytic work. Professor Andrea Kaston Tange\u2019s class Ladies and Monsters was such a delight, and I now think about Gabriel Oak and Bathsheba Everdene more than I thought I would.\r\n<\/p>\n\t\t\t    \t\t\t    \t\t\t        <div class=\"base-lockup__cta\">\n\t\t\t            <a class=\"base-cta-primary\" href=\"https:\/\/www.macalester.edu\/the-words\/home\/the-words-may-2025\/birdies-parting-words\/\" target=\"_self\">Read More<\/a>\n\t\t\t        <\/div>\n\t\t\t    \t\t\t<\/div>\n        <\/div>\n    <\/div>\n<\/section>","protected":false},"excerpt":{"rendered":"","protected":false},"author":1025,"featured_media":0,"parent":305,"menu_order":0,"comment_status":"closed","ping_status":"closed","template":"","meta":{"_acf_changed":false,"footnotes":""},"class_list":["post-10779","page","type-page","status-publish","hentry"],"acf":[],"_links":{"self":[{"href":"https:\/\/www.macalester.edu\/the-words\/wp-json\/wp\/v2\/pages\/10779","targetHints":{"allow":["GET"]}}],"collection":[{"href":"https:\/\/www.macalester.edu\/the-words\/wp-json\/wp\/v2\/pages"}],"about":[{"href":"https:\/\/www.macalester.edu\/the-words\/wp-json\/wp\/v2\/types\/page"}],"author":[{"embeddable":true,"href":"https:\/\/www.macalester.edu\/the-words\/wp-json\/wp\/v2\/users\/1025"}],"replies":[{"embeddable":true,"href":"https:\/\/www.macalester.edu\/the-words\/wp-json\/wp\/v2\/comments?post=10779"}],"version-history":[{"count":16,"href":"https:\/\/www.macalester.edu\/the-words\/wp-json\/wp\/v2\/pages\/10779\/revisions"}],"predecessor-version":[{"id":10957,"href":"https:\/\/www.macalester.edu\/the-words\/wp-json\/wp\/v2\/pages\/10779\/revisions\/10957"}],"up":[{"embeddable":true,"href":"https:\/\/www.macalester.edu\/the-words\/wp-json\/wp\/v2\/pages\/305"}],"wp:attachment":[{"href":"https:\/\/www.macalester.edu\/the-words\/wp-json\/wp\/v2\/media?parent=10779"}],"curies":[{"name":"wp","href":"https:\/\/api.w.org\/{rel}","templated":true}]}}