{"id":12213,"date":"2026-04-28T15:07:02","date_gmt":"2026-04-28T15:07:02","guid":{"rendered":"https:\/\/www.macalester.edu\/the-words\/?page_id=12213"},"modified":"2026-04-28T15:34:30","modified_gmt":"2026-04-28T15:34:30","slug":"a-moment-of-silence-capstone-presentation-by-beja-puskasova","status":"publish","type":"page","link":"https:\/\/www.macalester.edu\/the-words\/a-moment-of-silence-capstone-presentation-by-beja-puskasova\/","title":{"rendered":"A Moment of Silence: Capstone Presentation by Beja Pu\u0161k\u00e1\u0161ov\u00e1"},"content":{"rendered":"<p><strong>Written by Rabi Michael-Crushshon &#8217;26<\/strong><\/p>\n\n\n\n<p>A blue hue filled the room while audience members chatted amongst themselves. A pregnant Black trans woman entered, carrying a baby whose distant crying was heard over the speakers. In a recreation of the birth of Jesus, the woman sat, protecting and rocking her baby until darkness. The crowd was silenced, and the show began.<\/p>\n\n\n\n<p>\u201cThere&#8217;s something about seeing a pregnant trans woman on stage,\u201d said Beja Pu\u0161k\u00e1\u0161ov\u00e1 \u201926, a Theater and English and Creative Writing double-major and a trans woman herself. \u201cI think that is just something very cool that I wanted to achieve. I wanted to see that.\u201d<\/p>\n\n\n\n<div class=\"wp-block-media-text is-stacked-on-mobile\" style=\"grid-template-columns:39% auto\"><figure class=\"wp-block-media-text__media\"><img loading=\"lazy\" decoding=\"async\" width=\"1016\" height=\"472\" src=\"https:\/\/www.macalester.edu\/the-words\/wp-content\/uploads\/sites\/603\/2026\/04\/Screenshot-2026-04-27-at-1.09.25\u202fPM-1.png\" alt=\"Moment of Silence ticket\" class=\"wp-image-12217 size-full\" srcset=\"https:\/\/www.macalester.edu\/the-words\/wp-content\/uploads\/sites\/603\/2026\/04\/Screenshot-2026-04-27-at-1.09.25\u202fPM-1.png 1016w,  https:\/\/www.macalester.edu\/the-words\/wp-content\/uploads\/sites\/603\/2026\/04\/Screenshot-2026-04-27-at-1.09.25\u202fPM-1-300x139.png 300w,  https:\/\/www.macalester.edu\/the-words\/wp-content\/uploads\/sites\/603\/2026\/04\/Screenshot-2026-04-27-at-1.09.25\u202fPM-1-768x357.png 768w\" sizes=\"auto, (max-width: 1016px) 100vw, 1016px\" \/><\/figure><div class=\"wp-block-media-text__content\">\n<p>Saturday night was the second of three sold-out showings of<em> Moment of Silence<\/em>\u2014the result of years of labor from Pu\u0161k\u00e1\u0161ov\u00e1. Inspired by real stories, from 13 interviews, word of the mouth, and even medical journals, this play travels forward and backwards in time, in and out of multiple dimensions, exploring community care, menstruation, and transness.<\/p>\n<\/div><\/div>\n\n\n\n<p>At the end of last summer, Pu\u0161k\u00e1\u0161ov\u00e1 finished her first draft, and now, she has gone through about 11 different revision phases. The majority of which happened during rehearsals \u2014 every week she was going home, rewriting, revising, and cutting parts of the 80-page script.<\/p>\n\n\n\n<p>The performance was structured as a table read. Actors sat in a semi-circle and read scripts off music stands. Their voices and facial expressions did much of the work, drawing audience members into the story and painting the world Pu\u0161k\u00e1\u0161ov\u00e1 attentively created.&nbsp;<\/p>\n\n\n\n<div class=\"wp-block-media-text has-media-on-the-right is-stacked-on-mobile\" style=\"grid-template-columns:auto 39%\"><div class=\"wp-block-media-text__content\">\n<p>Inspired by the serial structure used in Wonderlust Productions&#8217; performance <em>Thank You for Holding: The Caregiver Play Project<\/em>, Pu\u0161k\u00e1\u0161ov\u00e1 incorporated a series of shorter scenes that were all interconnected by similar characters and experiences. In this form, she was able to draw on her research and demonstrate a vast amount of menstrual experiences, from endometriosis to PCOS, to different trans experiences.&nbsp;<\/p>\n\n\n\n<p>Rarely are these different yet connected experiences held together in one piece of art. Pu\u0161k\u00e1\u0161ov\u00e1 wanted to tell stories that aren\u2019t often told \u2014 or at least not told with care \u2014 so while doing research, she intentionally found people and stories that represented a variety of BIPOC, gender, and menstruation identities.<\/p>\n\n\n\n<p>Additionally, as in the Wonderlust show, the first story is completed at the end of the play, tying together the production nicely and creating a cyclical feel. At the beginning of <em>Moment of Silence<\/em>, the audience is brought into a funeral scene.&nbsp;<\/p>\n<\/div><figure class=\"wp-block-media-text__media\"><img loading=\"lazy\" decoding=\"async\" width=\"990\" height=\"916\" src=\"https:\/\/www.macalester.edu\/the-words\/wp-content\/uploads\/sites\/603\/2026\/04\/Screenshot-2026-04-27-at-1.12.56\u202fPM.png\" alt=\"Beja and her advisor kt shorb sitting in front of the audience after the play.\" class=\"wp-image-12219 size-full\" srcset=\"https:\/\/www.macalester.edu\/the-words\/wp-content\/uploads\/sites\/603\/2026\/04\/Screenshot-2026-04-27-at-1.12.56\u202fPM.png 990w,  https:\/\/www.macalester.edu\/the-words\/wp-content\/uploads\/sites\/603\/2026\/04\/Screenshot-2026-04-27-at-1.12.56\u202fPM-300x278.png 300w,  https:\/\/www.macalester.edu\/the-words\/wp-content\/uploads\/sites\/603\/2026\/04\/Screenshot-2026-04-27-at-1.12.56\u202fPM-768x711.png 768w\" sizes=\"auto, (max-width: 990px) 100vw, 990px\" \/><\/figure><\/div>\n\n\n\n<p>Friends and community members mourn the passing of Rachel, a trans woman, who took her own life after being forced away from motherhood by her community. They place sentimental items on her grave and hold a moment of silence in her honor. Her story connects the other scenes and characters. Audience members watch Rachel&#8217;s spirit grow into her fullest self, and then the play ends with an alternative representation of the cycle of life; Rachel is reborn, a baby to two trans parents.<\/p>\n\n\n\n<div class=\"wp-block-media-text is-stacked-on-mobile\"><figure class=\"wp-block-media-text__media\"><img loading=\"lazy\" decoding=\"async\" width=\"1024\" height=\"840\" src=\"https:\/\/www.macalester.edu\/the-words\/wp-content\/uploads\/sites\/603\/2026\/04\/Screenshot-2026-04-27-at-1.31.00\u202fPM-1024x840.png\" alt=\"Beja and other cast members acting out the Trans-fomers.\" class=\"wp-image-12227 size-full\" srcset=\"https:\/\/www.macalester.edu\/the-words\/wp-content\/uploads\/sites\/603\/2026\/04\/Screenshot-2026-04-27-at-1.31.00\u202fPM-1024x840.png 1024w,  https:\/\/www.macalester.edu\/the-words\/wp-content\/uploads\/sites\/603\/2026\/04\/Screenshot-2026-04-27-at-1.31.00\u202fPM-300x246.png 300w,  https:\/\/www.macalester.edu\/the-words\/wp-content\/uploads\/sites\/603\/2026\/04\/Screenshot-2026-04-27-at-1.31.00\u202fPM-768x630.png 768w,  https:\/\/www.macalester.edu\/the-words\/wp-content\/uploads\/sites\/603\/2026\/04\/Screenshot-2026-04-27-at-1.31.00\u202fPM.png 1048w\" sizes=\"auto, (max-width: 1024px) 100vw, 1024px\" \/><\/figure><div class=\"wp-block-media-text__content\">\n<p>Unlike many playwrights who hide in the back rows at their own plays, for all three of the Macalester performances, Pu\u0161k\u00e1\u0161ov\u00e1 sat front and center to watch her script unfold. On opening night, as planned, the Filipino father walked up to his child and asked: \u201cIs your moontime pet okay?\u201d<\/p>\n\n\n\n<p>\u201cI lost it. I just exploded laughing at my own writing.\u201d Pu\u0161k\u00e1\u0161ov\u00e1 said, \u201cAnd then the actors also lost, and we all just lost it and started laughing, because it was like, \u2018Why is this man asking his child about their moontime pet.\u2019 It was just so absurd.\u201d<\/p>\n\n\n\n<p>Pu\u0161k\u00e1\u0161ov\u00e1\u2019s writing was a mixture of comedy, realism, and speculative fiction. At times, viewers laughed, and at other times, they grew silent, sitting in the reality of what was being depicted. <\/p>\n<\/div><\/div>\n\n\n\n<p>Throughout the script, Pu\u0161k\u00e1\u0161ov\u00e1 incorporated magical realism, anthropomorphising periods and uteruses, introducing Trans-fomers, and trans girl superpowers to better portray aspects of menstruation and transness that can be extremely personal and harder to represent on stage.&nbsp;<\/p>\n\n\n\n<div class=\"wp-block-media-text has-media-on-the-right is-stacked-on-mobile\" style=\"grid-template-columns:auto 33%\"><div class=\"wp-block-media-text__content\">\n<p>Czech literature has a long tradition of magical realism, one that Pu\u0161k\u00e1\u0161ov\u00e1 added to with her script. When asked about her magical elements, she said, \u201cMaybe it\u2019s in my blood, my period blood.\u201d<\/p>\n\n\n\n<p>With the help of a couple of other people, she handcrafted two puppets that were used throughout the performances. She credited her advisor, Prof. kt shorb, and local drag performer, Emily Zimmer (aka Old Man Zimmer), for pushing her to use more magical elements and specifically the uterus puppets.&nbsp;<\/p>\n\n\n\n<p>Pu\u0161k\u00e1\u0161ov\u00e1 said, \u201cAs a disabled trans woman playwright, I also want to show that our bodies are not as biological and static as we are taught. There is actually a lot of potential for magic with our bodies, like T4T sex.\u201d<\/p>\n<\/div><figure class=\"wp-block-media-text__media\"><img loading=\"lazy\" decoding=\"async\" width=\"648\" height=\"694\" src=\"https:\/\/www.macalester.edu\/the-words\/wp-content\/uploads\/sites\/603\/2026\/04\/Screenshot-2026-04-27-at-1.29.08\u202fPM.png\" alt=\"Actors holding up the anthropomorphized uterus puppet.\" class=\"wp-image-12221 size-full\" srcset=\"https:\/\/www.macalester.edu\/the-words\/wp-content\/uploads\/sites\/603\/2026\/04\/Screenshot-2026-04-27-at-1.29.08\u202fPM.png 648w,  https:\/\/www.macalester.edu\/the-words\/wp-content\/uploads\/sites\/603\/2026\/04\/Screenshot-2026-04-27-at-1.29.08\u202fPM-280x300.png 280w\" sizes=\"auto, (max-width: 648px) 100vw, 648px\" \/><\/figure><\/div>\n\n\n\n<p>Pu\u0161k\u00e1\u0161ov\u00e1\u2019s friend, who has connections at Black Hart of St. Paul, sent her play description to the team there, and the gay bar was excited to host another rendition of Moment of Silence on April 19th in a small back room.<\/p>\n\n\n\n<p>In this version, Pu\u0161k\u00e1\u0161ov\u00e1 wasn\u2019t only the director but stepped into the role of an actor as well. Actors were more comfortable with each other after the three shows and countless rehearsals earlier this month, so they were able to improvise in this new space with a few new cast members. The increased movement and facial expressions made the script even more engaging.<\/p>\n\n\n\n<figure class=\"wp-block-image size-large is-resized\"><img loading=\"lazy\" decoding=\"async\" width=\"1024\" height=\"785\" src=\"https:\/\/www.macalester.edu\/the-words\/wp-content\/uploads\/sites\/603\/2026\/04\/Screenshot-2026-04-27-at-1.30.37\u202fPM-1024x785.png\" alt=\"The Moment of Silence cast lined up at the end of the last show.\" class=\"wp-image-12225\" style=\"width:412px;height:auto\" srcset=\"https:\/\/www.macalester.edu\/the-words\/wp-content\/uploads\/sites\/603\/2026\/04\/Screenshot-2026-04-27-at-1.30.37\u202fPM-1024x785.png 1024w,  https:\/\/www.macalester.edu\/the-words\/wp-content\/uploads\/sites\/603\/2026\/04\/Screenshot-2026-04-27-at-1.30.37\u202fPM-300x230.png 300w,  https:\/\/www.macalester.edu\/the-words\/wp-content\/uploads\/sites\/603\/2026\/04\/Screenshot-2026-04-27-at-1.30.37\u202fPM-768x589.png 768w,  https:\/\/www.macalester.edu\/the-words\/wp-content\/uploads\/sites\/603\/2026\/04\/Screenshot-2026-04-27-at-1.30.37\u202fPM.png 1116w\" sizes=\"auto, (max-width: 1024px) 100vw, 1024px\" \/><\/figure>\n\n\n\n<p>Congratulations to Beja Pu\u0161k\u00e1\u0161ov\u00e1 for this amazing accomplishment! We are so excited to see what else she will create in the future.<\/p>\n\n\n\n<p><\/p>","protected":false},"excerpt":{"rendered":"<p>Written by Rabi Michael-Crushshon &#8217;26 A blue hue filled the room while audience members chatted amongst themselves. A pregnant Black trans woman entered, carrying a baby whose distant crying was heard over the speakers. In a recreation of the birth of Jesus, the woman sat, protecting and rocking her baby until darkness. The crowd was [&hellip;]<\/p>","protected":false},"author":1479,"featured_media":0,"parent":0,"menu_order":0,"comment_status":"closed","ping_status":"closed","template":"","meta":{"_acf_changed":false,"footnotes":""},"class_list":["post-12213","page","type-page","status-publish","hentry"],"acf":[],"_links":{"self":[{"href":"https:\/\/www.macalester.edu\/the-words\/wp-json\/wp\/v2\/pages\/12213","targetHints":{"allow":["GET"]}}],"collection":[{"href":"https:\/\/www.macalester.edu\/the-words\/wp-json\/wp\/v2\/pages"}],"about":[{"href":"https:\/\/www.macalester.edu\/the-words\/wp-json\/wp\/v2\/types\/page"}],"author":[{"embeddable":true,"href":"https:\/\/www.macalester.edu\/the-words\/wp-json\/wp\/v2\/users\/1479"}],"replies":[{"embeddable":true,"href":"https:\/\/www.macalester.edu\/the-words\/wp-json\/wp\/v2\/comments?post=12213"}],"version-history":[{"count":2,"href":"https:\/\/www.macalester.edu\/the-words\/wp-json\/wp\/v2\/pages\/12213\/revisions"}],"predecessor-version":[{"id":12289,"href":"https:\/\/www.macalester.edu\/the-words\/wp-json\/wp\/v2\/pages\/12213\/revisions\/12289"}],"wp:attachment":[{"href":"https:\/\/www.macalester.edu\/the-words\/wp-json\/wp\/v2\/media?parent=12213"}],"curies":[{"name":"wp","href":"https:\/\/api.w.org\/{rel}","templated":true}]}}