{"id":6453,"date":"2024-04-03T16:17:25","date_gmt":"2024-04-03T16:17:25","guid":{"rendered":"https:\/\/www.macalester.edu\/160-the-words\/?page_id=6453"},"modified":"2025-09-17T19:28:34","modified_gmt":"2025-09-17T19:28:34","slug":"the-words-april-2024","status":"publish","type":"page","link":"https:\/\/www.macalester.edu\/the-words\/home-2\/the-words-april-2024\/","title":{"rendered":"The Words: April 2024"},"content":{"rendered":"<figure class=\"wp-block-image aligncenter is-resized\"><img loading=\"lazy\" decoding=\"async\" width=\"300\" height=\"112\" src=\"https:\/\/www.macalester.edu\/the-words\/wp-content\/uploads\/sites\/603\/2021\/09\/9812B5AF-01A1-4DA2-833F-9756BA0B26C0-300x112.jpeg\" alt=\"The Words\" class=\"wp-image-3602\" style=\"width:548px;height:auto\" srcset=\"https:\/\/www.macalester.edu\/the-words\/wp-content\/uploads\/sites\/603\/2021\/09\/9812B5AF-01A1-4DA2-833F-9756BA0B26C0-300x112.jpeg 300w,  https:\/\/www.macalester.edu\/the-words\/wp-content\/uploads\/sites\/603\/2021\/09\/9812B5AF-01A1-4DA2-833F-9756BA0B26C0-768x288.jpeg 768w,  https:\/\/www.macalester.edu\/the-words\/wp-content\/uploads\/sites\/603\/2021\/09\/9812B5AF-01A1-4DA2-833F-9756BA0B26C0.jpeg 966w\" sizes=\"auto, (max-width: 300px) 100vw, 300px\" \/><\/figure>\n\n\n\n<hr class=\"wp-block-separator has-alpha-channel-opacity\" \/>\n\n\n\n<h2 class=\"wp-block-heading\">Center for Advanced Study&#8217;s Professor Akbari Visits Mac<\/h2>\n\n\n\n<h3 class=\"wp-block-heading\">By Zo\u00eb Roos Scheuerman &#8217;24<\/h3>\n\n\n\n<p><span style=\"font-weight: 400\">On Wednesday, March 27th, Dr. Suzanne Conklin Akbari of the Institute for Advanced Study in Princeton, New Jersey, visited Macalester to share her work in two campus-wide events:&nbsp; a lunch talk in the Harmon Roon about her recent work and a conversation at Literary Salon about the literary podcast which she co-hosts, the <em>Spouter Inn<\/em>, and the joys of reading out loud. <a href=\"https:\/\/www.macalester.edu\/the-words\/home\/the-words-march-2024-2\/center-for-adanced-studys-professor-akbari-visits-mac\/\">Learn more about these events here!<\/a><\/span><\/p>\n\n\n\n<figure class=\"wp-block-image aligncenter\"><img loading=\"lazy\" decoding=\"async\" width=\"226\" height=\"300\" src=\"https:\/\/www.macalester.edu\/the-words\/wp-content\/uploads\/sites\/603\/2024\/04\/PXL_20240327_170914426-226x300.jpg\" alt=\"Dr. Suzanne Conklin Akbari standing at a podium giving a lecture at Macalester, with a presentation slide projected behind her in a classroom\" class=\"wp-image-6463\" srcset=\"https:\/\/www.macalester.edu\/the-words\/wp-content\/uploads\/sites\/603\/2024\/04\/PXL_20240327_170914426-226x300.jpg 226w,  https:\/\/www.macalester.edu\/the-words\/wp-content\/uploads\/sites\/603\/2024\/04\/PXL_20240327_170914426-771x1024.jpg 771w,  https:\/\/www.macalester.edu\/the-words\/wp-content\/uploads\/sites\/603\/2024\/04\/PXL_20240327_170914426-768x1020.jpg 768w,  https:\/\/www.macalester.edu\/the-words\/wp-content\/uploads\/sites\/603\/2024\/04\/PXL_20240327_170914426-1157x1536.jpg 1157w,  https:\/\/www.macalester.edu\/the-words\/wp-content\/uploads\/sites\/603\/2024\/04\/PXL_20240327_170914426-1542x2048.jpg 1542w,  https:\/\/www.macalester.edu\/the-words\/wp-content\/uploads\/sites\/603\/2024\/04\/PXL_20240327_170914426-scaled.jpg 1928w\" sizes=\"auto, (max-width: 226px) 100vw, 226px\" \/><\/figure>\n\n\n\n<hr class=\"wp-block-separator has-alpha-channel-opacity\" \/>\n\n\n\n<h2 class=\"wp-block-heading\">Eurydice Produced by the Macalester Theater Department<\/h2>\n\n\n\n<h3 class=\"wp-block-heading\">By Patrick Coy-Bjork &#8217;24<\/h3>\n\n\n\n<p>The Macalester Theater Department\u2019s Spring Production is now performing! The play, <em>Eurydice<\/em>, is written by Sarah Ruhl. The play is a retelling of the Greek myth of Orpheus &amp; Eurydice, but as Ruhl herself puts it, the show \u201creimagines the classic myth not through Orpheus&#8217;s infamous pilgrimage to retrieve his bride, but through the eyes of its heroine.\u201d <a href=\"https:\/\/www.macalester.edu\/the-words\/home\/the-words-march-2024-2\/eurydice-produced-by-the-macalester-theater-department\/\">Read more about this production here!<\/a><\/p>\n\n\n\n<figure class=\"wp-block-image aligncenter\"><img loading=\"lazy\" decoding=\"async\" width=\"300\" height=\"200\" src=\"https:\/\/www.macalester.edu\/the-words\/wp-content\/uploads\/sites\/603\/2024\/04\/unnamed-300x200.jpg\" alt=\"Macalester Theater Department students performing on stage in the play Eurydice, with actors spread across a tiered circular set.\" class=\"wp-image-6525\" srcset=\"https:\/\/www.macalester.edu\/the-words\/wp-content\/uploads\/sites\/603\/2024\/04\/unnamed-300x200.jpg 300w,  https:\/\/www.macalester.edu\/the-words\/wp-content\/uploads\/sites\/603\/2024\/04\/unnamed-1024x683.jpg 1024w,  https:\/\/www.macalester.edu\/the-words\/wp-content\/uploads\/sites\/603\/2024\/04\/unnamed-768x512.jpg 768w,  https:\/\/www.macalester.edu\/the-words\/wp-content\/uploads\/sites\/603\/2024\/04\/unnamed-1536x1024.jpg 1536w,  https:\/\/www.macalester.edu\/the-words\/wp-content\/uploads\/sites\/603\/2024\/04\/unnamed.jpg 1800w\" sizes=\"auto, (max-width: 300px) 100vw, 300px\" \/><\/figure>\n\n\n\n<hr class=\"wp-block-separator has-alpha-channel-opacity\" \/>\n\n\n\n<h2 class=\"wp-block-heading\">Apps &amp; Alums Coming April 5th!<\/h2>\n\n\n\n<h3 class=\"wp-block-heading\">By Birdie Keller &#8217;25<\/h3>\n\n\n\n<p><span style=\"font-weight: 400\">\u201cWhat can you even do with an English major?\u201d \u201cWhat kind of job prospects will you have?\u201d \u201cWhat do you picture yourself doing after graduation?\u201d We\u2019ve all heard the questions, usually preceded by revealing your area of study to friends or family. And no matter how much you believe in yourself and love filling your days with writing, reading, and theorizing, there often comes a time when the average English major begins to doubt. We wonder: What <\/span><i><span style=\"font-weight: 400\">can <\/span><\/i><span style=\"font-weight: 400\">I do after graduation? <\/span><i><span style=\"font-weight: 400\">Do <\/span><\/i><span style=\"font-weight: 400\">I have employable skills? <a href=\"https:\/\/www.macalester.edu\/the-words\/home\/the-words-march-2024-2\/apps-alums-coming-april-5th\/\">To find the answer to these questions, click here.<\/a><\/span><\/p>\n\n\n\n<figure class=\"wp-block-image aligncenter\"><img loading=\"lazy\" decoding=\"async\" width=\"224\" height=\"300\" src=\"https:\/\/www.macalester.edu\/the-words\/wp-content\/uploads\/sites\/603\/2024\/04\/Screenshot-2024-03-26-at-2.34.10\u202fPM-224x300.png\" alt=\"Poster for the 9th Annual Apps &amp; Alums event\" class=\"wp-image-6445\" srcset=\"https:\/\/www.macalester.edu\/the-words\/wp-content\/uploads\/sites\/603\/2024\/04\/Screenshot-2024-03-26-at-2.34.10\u202fPM-224x300.png 224w,  https:\/\/www.macalester.edu\/the-words\/wp-content\/uploads\/sites\/603\/2024\/04\/Screenshot-2024-03-26-at-2.34.10\u202fPM-766x1024.png 766w,  https:\/\/www.macalester.edu\/the-words\/wp-content\/uploads\/sites\/603\/2024\/04\/Screenshot-2024-03-26-at-2.34.10\u202fPM-768x1026.png 768w,  https:\/\/www.macalester.edu\/the-words\/wp-content\/uploads\/sites\/603\/2024\/04\/Screenshot-2024-03-26-at-2.34.10\u202fPM.png 826w\" sizes=\"auto, (max-width: 224px) 100vw, 224px\" \/><\/figure>\n\n\n\n<hr class=\"wp-block-separator has-alpha-channel-opacity\" \/>\n\n\n\n<h2 class=\"wp-block-heading\">Finding Disability Community During Cow Tipping Press Internship<\/h2>\n\n\n\n<h3 class=\"wp-block-heading\">By Beja Pu\u0161k\u00e1\u0161ov\u00e1 &#8217;26<\/h3>\n\n\n\n<p><span style=\"font-weight: 400\">Last semester, I was fortunate enough to get a chance to intern at Cow Tipping Press, which is a disability justice focused publishing organization based in St Paul. My internship consisted of five online creative writing classes, helping with the process of publishing students\u2019 written works as well as three teacher training sessions. <a href=\"https:\/\/www.macalester.edu\/the-words\/home\/the-words-march-2024-2\/finding-community-during-cow-tipping-press-internship\/\">Read more here!<\/a><\/span><\/p>\n\n\n\n<figure class=\"wp-block-image aligncenter size-full\"><img loading=\"lazy\" decoding=\"async\" width=\"300\" height=\"264\" src=\"https:\/\/www.macalester.edu\/the-words\/wp-content\/uploads\/sites\/603\/2024\/04\/main-logo-small-transparent.png\" alt=\"Cow Tipping Press \" class=\"wp-image-6527\" \/><\/figure>\n\n\n\n<hr class=\"wp-block-separator has-alpha-channel-opacity\" \/>\n\n\n\n<h2 class=\"wp-block-heading\">Video Games Literary Salon<\/h2>\n\n\n\n<h3 class=\"wp-block-heading\">By Chlo\u00eb Moore &#8217;24<\/h3>\n\n\n\n<p><span style=\"font-weight: 400\">On Wednesday, March 20th, Old Main 4 filled with the chatter of our regular crowd of English-y friends as well as some fresh faces from the Computer Science department, as we gathered to hear from Professor Jim Dawes about the wonderful world of video games. <a href=\"https:\/\/www.macalester.edu\/the-words\/home\/the-words-march-2024-2\/video-games-literary-salon\/\">Read about the literary salon here.<\/a><\/span><\/p>\n\n\n\n<figure class=\"wp-block-image aligncenter size-large is-resized\"><img loading=\"lazy\" decoding=\"async\" width=\"1024\" height=\"681\" src=\"https:\/\/www.macalester.edu\/the-words\/wp-content\/uploads\/sites\/603\/2024\/04\/6495da7241185414c12ddc02_videoGamePlanet-1024x681.png\" alt=\"Video Game Literary Salon Logo\" class=\"wp-image-6529\" style=\"width:321px;height:auto\" srcset=\"https:\/\/www.macalester.edu\/the-words\/wp-content\/uploads\/sites\/603\/2024\/04\/6495da7241185414c12ddc02_videoGamePlanet-1024x681.png 1024w,  https:\/\/www.macalester.edu\/the-words\/wp-content\/uploads\/sites\/603\/2024\/04\/6495da7241185414c12ddc02_videoGamePlanet-300x199.png 300w,  https:\/\/www.macalester.edu\/the-words\/wp-content\/uploads\/sites\/603\/2024\/04\/6495da7241185414c12ddc02_videoGamePlanet-768x511.png 768w,  https:\/\/www.macalester.edu\/the-words\/wp-content\/uploads\/sites\/603\/2024\/04\/6495da7241185414c12ddc02_videoGamePlanet.png 1182w\" sizes=\"auto, (max-width: 1024px) 100vw, 1024px\" \/><\/figure>\n\n\n\n<hr class=\"wp-block-separator has-alpha-channel-opacity\" \/>\n\n\n\n<h2 class=\"wp-block-heading\">Embodying 19th-Century Seamstresses in &#8220;Ladies and Monsters&#8221;<\/h2>\n\n\n\n<h3 class=\"wp-block-heading\">By Ahlaam Abdulwali &#8217;25<\/h3>\n\n\n\n<p><span style=\"font-weight: 400\">This semester, in Professor Tange\u2019s 19th-century British Literature course, I tapped into my inner Victorian girl and sewed two mourning dresses with everyone in my course. <\/span><i><span style=\"font-weight: 400\">Mary Barton<\/span><\/i><span style=\"font-weight: 400\"> by Elizabeth Gaskell, the book we read during this sewing project, had a number of seamstresses as main characters and a number of deaths, and so this project lined up perfectly with our readings. <a href=\"https:\/\/www.macalester.edu\/the-words\/home\/the-words-march-2024-2\/embodying-19th-century-seamstresses-in-ladies-and-monsters\/\">Read about the sewing project here!<\/a><\/span><\/p>\n\n\n\n<figure class=\"wp-block-image size-large is-resized\"><img loading=\"lazy\" decoding=\"async\" width=\"1024\" height=\"774\" src=\"https:\/\/www.macalester.edu\/the-words\/wp-content\/uploads\/sites\/603\/2024\/04\/Screenshot-2024-04-03-at-11.37.21\u202fAM-1024x774.png\" alt=\"Two Victorian-style dolls dressed in black mourning gowns.\" class=\"wp-image-6485\" style=\"width:412px;height:auto\" srcset=\"https:\/\/www.macalester.edu\/the-words\/wp-content\/uploads\/sites\/603\/2024\/04\/Screenshot-2024-04-03-at-11.37.21\u202fAM-1024x774.png 1024w,  https:\/\/www.macalester.edu\/the-words\/wp-content\/uploads\/sites\/603\/2024\/04\/Screenshot-2024-04-03-at-11.37.21\u202fAM-300x227.png 300w,  https:\/\/www.macalester.edu\/the-words\/wp-content\/uploads\/sites\/603\/2024\/04\/Screenshot-2024-04-03-at-11.37.21\u202fAM-768x581.png 768w,  https:\/\/www.macalester.edu\/the-words\/wp-content\/uploads\/sites\/603\/2024\/04\/Screenshot-2024-04-03-at-11.37.21\u202fAM.png 1418w\" sizes=\"auto, (max-width: 1024px) 100vw, 1024px\" \/><\/figure>\n\n\n\n<hr class=\"wp-block-separator has-alpha-channel-opacity\" \/>\n\n\n\n<h2 class=\"wp-block-heading\">Craft Corner: Cow Tipping Press<\/h2>\n\n\n\n<h3 class=\"wp-block-heading\">By Birdie Keller &#8217;25<\/h3>\n\n\n\n<p><span style=\"font-weight: 400\">This month\u2019s craft corner features writing by some of the fabulous authors in Cow Tipping Press classes. Cow Tipping Press is an an organization whose mission statement is to \u201cteach and publish writing by people with intellectual\/developmental disabilities, giving audiences a new way to think about this rich form of human diversity in practice and in print.\u201d College students are employed as teachers for the 5 week long program, at the end of which each class publishes an anthology of the best student writings.<\/span> <a href=\"https:\/\/www.macalester.edu\/the-words\/home\/the-words-march-2024-2\/craft-corner-cow-tipping-press\/\">Read some pieces from Cow Tipping Press students here!<\/a><\/p>\n\n\n\n<figure class=\"wp-block-image aligncenter size-full is-resized\"><img loading=\"lazy\" decoding=\"async\" width=\"750\" height=\"792\" src=\"https:\/\/www.macalester.edu\/the-words\/wp-content\/uploads\/sites\/603\/2024\/04\/22780319_1544361322322299_8806203389583940809_n.jpg\" alt=\"Group of students and instructors seated around a table in a classroom, writing and discussing as part of Cow Tipping Press activities.&quot;\" class=\"wp-image-6533\" style=\"width:261px;height:auto\" srcset=\"https:\/\/www.macalester.edu\/the-words\/wp-content\/uploads\/sites\/603\/2024\/04\/22780319_1544361322322299_8806203389583940809_n.jpg 750w,  https:\/\/www.macalester.edu\/the-words\/wp-content\/uploads\/sites\/603\/2024\/04\/22780319_1544361322322299_8806203389583940809_n-284x300.jpg 284w\" sizes=\"auto, (max-width: 750px) 100vw, 750px\" \/><\/figure>\n\n\n\n<hr class=\"wp-block-separator has-alpha-channel-opacity\" \/>\n\n\n\n<h2 class=\"wp-block-heading\">Student\/Faculty Accolades<\/h2>\n\n\n\n<h3 class=\"wp-block-heading\">By Chlo\u00eb Moore &#8217;24<\/h3>\n\n\n\n<p><a href=\"https:\/\/www.macalester.edu\/the-words\/home\/the-words-april-2024\/student-faculty-accolades\/\">Read the monthly roundup of student and faculty achievements here&#8230;<\/a><\/p>","protected":false},"excerpt":{"rendered":"<p>Center for Advanced Study&#8217;s Professor Akbari Visits Mac By Zo\u00eb Roos Scheuerman &#8217;24 On Wednesday, March 27th, Dr. Suzanne Conklin Akbari of the Institute for Advanced Study in Princeton, New Jersey, visited Macalester to share her work in two campus-wide events:&nbsp; a lunch talk in the Harmon Roon about her recent work and a conversation [&hellip;]<\/p>","protected":false},"author":913,"featured_media":0,"parent":305,"menu_order":0,"comment_status":"closed","ping_status":"closed","template":"","meta":{"_acf_changed":false,"footnotes":""},"class_list":["post-6453","page","type-page","status-publish","hentry"],"acf":[],"_links":{"self":[{"href":"https:\/\/www.macalester.edu\/the-words\/wp-json\/wp\/v2\/pages\/6453","targetHints":{"allow":["GET"]}}],"collection":[{"href":"https:\/\/www.macalester.edu\/the-words\/wp-json\/wp\/v2\/pages"}],"about":[{"href":"https:\/\/www.macalester.edu\/the-words\/wp-json\/wp\/v2\/types\/page"}],"author":[{"embeddable":true,"href":"https:\/\/www.macalester.edu\/the-words\/wp-json\/wp\/v2\/users\/913"}],"replies":[{"embeddable":true,"href":"https:\/\/www.macalester.edu\/the-words\/wp-json\/wp\/v2\/comments?post=6453"}],"version-history":[{"count":13,"href":"https:\/\/www.macalester.edu\/the-words\/wp-json\/wp\/v2\/pages\/6453\/revisions"}],"predecessor-version":[{"id":11001,"href":"https:\/\/www.macalester.edu\/the-words\/wp-json\/wp\/v2\/pages\/6453\/revisions\/11001"}],"up":[{"embeddable":true,"href":"https:\/\/www.macalester.edu\/the-words\/wp-json\/wp\/v2\/pages\/305"}],"wp:attachment":[{"href":"https:\/\/www.macalester.edu\/the-words\/wp-json\/wp\/v2\/media?parent=6453"}],"curies":[{"name":"wp","href":"https:\/\/api.w.org\/{rel}","templated":true}]}}