{"id":7256,"date":"2022-05-25T18:08:56","date_gmt":"2022-05-25T18:08:56","guid":{"rendered":"https:\/\/www.macalester.edu\/160-theater-and-dance\/?page_id=7256"},"modified":"2024-07-26T20:31:40","modified_gmt":"2024-07-26T20:31:40","slug":"collaborative-solo-dance-performances","status":"publish","type":"page","link":"https:\/\/www.macalester.edu\/theater-and-dance\/events\/pastseasons\/collaborative-solo-dance-performances\/","title":{"rendered":"Collaborative Solo Dance Performances"},"content":{"rendered":"<figure class=\"wp-block-image\"><img loading=\"lazy\" decoding=\"async\" width=\"225\" height=\"300\" src=\"https:\/\/www.macalester.edu\/theater-and-dance\/wp-content\/uploads\/sites\/595\/2022\/04\/dance-comp-225x300.jpg\" alt=\"\" class=\"wp-image-7194\" srcset=\"https:\/\/www.macalester.edu\/theater-and-dance\/wp-content\/uploads\/sites\/595\/2022\/04\/dance-comp-225x300.jpg 225w,  https:\/\/www.macalester.edu\/theater-and-dance\/wp-content\/uploads\/sites\/595\/2022\/04\/dance-comp-768x1024.jpg 768w,  https:\/\/www.macalester.edu\/theater-and-dance\/wp-content\/uploads\/sites\/595\/2022\/04\/dance-comp-1152x1536.jpg 1152w,  https:\/\/www.macalester.edu\/theater-and-dance\/wp-content\/uploads\/sites\/595\/2022\/04\/dance-comp-1536x2048.jpg 1536w,  https:\/\/www.macalester.edu\/theater-and-dance\/wp-content\/uploads\/sites\/595\/2022\/04\/dance-comp.jpg 1728w\" sizes=\"auto, (max-width: 225px) 100vw, 225px\" \/><\/figure>\n\n\n\n<h2 class=\"wp-block-heading\">Solo Dance Performances<\/h2>\n\n\n\n<p>A collaboration between the Spring 2022 Dance Composition and Lighting Design classes.<\/p>\n\n\n\n<h5 class=\"wp-block-heading\"><a class=\"action-btn\" href=\"https:\/\/drive.google.com\/file\/d\/14VDOXNNF9SB5UN8i_4noUglH3qc_1Vah\/view?usp=sharing\">View program<\/a><\/h5>\n\n\n\n<p>April 29th at 7:30pm<\/p>\n\n\n\n<p>April 30th at 2:00pm &amp; 7:30pm<\/p>\n\n\n\n<h3 class=\"wp-block-heading\">Dance Composition<\/h3>\n\n\n\n<figure class=\"wp-block-table\"><table><tbody><tr><td>Wynn Fricke (instructor)<\/td><\/tr><tr><td>Nibia Becerra Santillan &#8217;25<\/td><\/tr><tr><td>Carissa Bolante &#8217;25<\/td><\/tr><tr><td>Tess Dooley &#8217;24<\/td><\/tr><tr><td>Emilia Garrido Vasquez &#8217;23<\/td><\/tr><tr><td>Anna Greenstein &#8217;23<\/td><\/tr><tr><td>Ndunzi Kunsunga &#8217;22<\/td><\/tr><tr><td>Holiday O&#8217;Bryan &#8217;24<\/td><\/tr><tr><td>Lila Wallach &#8217;25<\/td><\/tr><tr><td>Cassie Wright &#8217;25<\/td><\/tr><\/tbody><\/table><\/figure>\n\n\n\n<h3 class=\"wp-block-heading\">Lighting Design<\/h3>\n\n\n\n<figure class=\"wp-block-table\"><table><tbody><tr><td>Wu Chen Khoo (instructor)<\/td><\/tr><tr><td>Jessica Chen &#8217;25<\/td><\/tr><tr><td>Kellen Chenoweth &#8217;24<\/td><\/tr><tr><td>Rene&#8217;e Gonzales &#8217;24<\/td><\/tr><tr><td>Lucas Martin &#8217;24<\/td><\/tr><tr><td>Arthur Motoyama &#8217;24<\/td><\/tr><tr><td>Ariadne Smith &#8217;23<\/td><\/tr><tr><td>Hawa Turray &#8217;22<\/td><\/tr><tr><td>Shouayee Vue &#8217;22<\/td><\/tr><tr><td>Kai Yamanishi &#8217;25<\/td><\/tr><\/tbody><\/table><\/figure>\n\n\n\n<h3 class=\"wp-block-heading\">Production Staff<\/h3>\n\n\n\n<figure class=\"wp-block-table\"><table><tbody><tr><td>Birdie Keller &#8217;25<\/td><td>Stage Manager, Sound &amp; Light Board Operator<\/td><\/tr><tr><td>Laura Sullivan &#8217;25<\/td><td>Assistant Stage Manager<\/td><\/tr><\/tbody><\/table><\/figure>\n\n\n\n<h4 class=\"wp-block-heading\">Performances<\/h4>\n\n\n\n<h5 class=\"wp-block-heading\"><em>Undesirable<\/em><\/h5>\n\n\n\n<p>Choreography: Holiday O&#8217;Bryan &#8217;24<\/p>\n\n\n\n<p>Music: original composition by Nick Suchomel &#8217;25<\/p>\n\n\n\n<p>Lighting: Kai Yaminishi &#8217;25<\/p>\n\n\n\n<p>Costume: Marisa Luft &#8217;25<\/p>\n\n\n\n<h5 class=\"wp-block-heading\"><em>Element<\/em><\/h5>\n\n\n\n<p>Choreography: Carissa Bolante &#8217;25<\/p>\n\n\n\n<p>Music: &#8220;Now&#8221; by Goldmund<\/p>\n\n\n\n<p>Lighting: Ariadne Smith &#8217;23<\/p>\n\n\n\n<p>Costume: Miles Latham &#8217;24<\/p>\n\n\n\n<h5 class=\"wp-block-heading\"><em>Into the Reflection<\/em><\/h5>\n\n\n\n<p>Choreography: L Wallach &#8217;25<\/p>\n\n\n\n<p>Music: &#8220;Losing My Religion&#8221; by REM<\/p>\n\n\n\n<p>Lighting: Jessica Chen &#8217;25<\/p>\n\n\n\n<p>Costume: Rachel Warshaw &#8217;22<\/p>\n\n\n\n<h5 class=\"wp-block-heading\"><em>Through Snippets<\/em><\/h5>\n\n\n\n<p>Choreography: Tess Dooley &#8217;24<\/p>\n\n\n\n<p>Music: &#8220;Avalanche&#8221; by Just Friends<\/p>\n\n\n\n<p>Lighting &amp; Costume: Rene&#8217;e Gonzales &#8217;24<\/p>\n\n\n\n<h5 class=\"wp-block-heading\"><em>Insurreci\u00f3n<\/em><\/h5>\n\n\n\n<p>Choreography: Nibia Becerra Santillan &#8217;25<\/p>\n\n\n\n<p>Music: &#8220;This is not America&#8221; by Residente and Ibeyi<\/p>\n\n\n\n<p>Lighting &amp; Costume: Arthur Motoyama &#8217;24<\/p>\n\n\n\n<p><em>The Sky is the Wrong Color<\/em><\/p>\n\n\n\n<p>Choreography: Cassie Wright &#8217;25<\/p>\n\n\n\n<p>Music: &#8220;Elevate&#8221; by Kisnou<\/p>\n\n\n\n<p>Lighting &amp; Costume: Shouayee Vue &#8217;22<\/p>\n\n\n\n<h5 class=\"wp-block-heading\"><em>Star Jumper<\/em><\/h5>\n\n\n\n<p>Choreography: Ndunzi Kunsunga &#8217;22<\/p>\n\n\n\n<p>Music: &#8220;Destati\/Dive to the Heart&#8221; by Yoko Shimumura, &#8220;Carioca&#8221; by Tito Puente, &#8220;Sika&#8221; by Blxckie, and &#8220;Sunflower&#8221; by Swae Lee<\/p>\n\n\n\n<p>Lighting: Kellen Chenoweth &#8217;24<\/p>\n\n\n\n<p>Costume: Rachel Warshaw &#8217;22<\/p>\n\n\n\n<h5 class=\"wp-block-heading\"><em>Despite the Anthropocene<\/em><\/h5>\n\n\n\n<p>Choreography: Anna Greenstein &#8217;23<\/p>\n\n\n\n<p>Music: &#8220;Nano&#8221; from Man from Mars<\/p>\n\n\n\n<p>Lighting: Lucas Martin &#8217;24<\/p>\n\n\n\n<p>Costume: Marisa Luft &#8217;25<\/p>\n\n\n\n<h5 class=\"wp-block-heading\"><em>I used to live in the mountains (the descent towards the sea)<\/em><\/h5>\n\n\n\n<p>Choreography: Emilia Garrido Vasquez &#8217;23<\/p>\n\n\n\n<p>Music: &#8220;De la Monta\u00f1a al Mar,&#8221; origina composition by Mat\u00edas Cevallos and &#8220;Peri\u00f3dico de Ayer&#8221; by H\u00e9ctor Lavoe<\/p>\n\n\n\n<p>Lighting: Hawa Turay &#8217;22<\/p>\n\n\n\n<p>Costume: Miles Latham &#8217;24<\/p>","protected":false},"excerpt":{"rendered":"<p>Solo Dance Performances A collaboration between the Spring 2022 Dance Composition and Lighting Design classes. View program April 29th at 7:30pm April 30th at 2:00pm &amp; 7:30pm Dance Composition Wynn Fricke (instructor) Nibia Becerra Santillan &#8217;25 Carissa Bolante &#8217;25 Tess Dooley &#8217;24 Emilia Garrido Vasquez &#8217;23 Anna Greenstein &#8217;23 Ndunzi Kunsunga &#8217;22 Holiday O&#8217;Bryan &#8217;24 [&hellip;]<\/p>","protected":false},"author":394,"featured_media":0,"parent":214,"menu_order":0,"comment_status":"closed","ping_status":"closed","template":"","meta":{"_acf_changed":false,"footnotes":""},"class_list":["post-7256","page","type-page","status-publish","hentry"],"acf":[],"_links":{"self":[{"href":"https:\/\/www.macalester.edu\/theater-and-dance\/wp-json\/wp\/v2\/pages\/7256","targetHints":{"allow":["GET"]}}],"collection":[{"href":"https:\/\/www.macalester.edu\/theater-and-dance\/wp-json\/wp\/v2\/pages"}],"about":[{"href":"https:\/\/www.macalester.edu\/theater-and-dance\/wp-json\/wp\/v2\/types\/page"}],"author":[{"embeddable":true,"href":"https:\/\/www.macalester.edu\/theater-and-dance\/wp-json\/wp\/v2\/users\/394"}],"replies":[{"embeddable":true,"href":"https:\/\/www.macalester.edu\/theater-and-dance\/wp-json\/wp\/v2\/comments?post=7256"}],"version-history":[{"count":4,"href":"https:\/\/www.macalester.edu\/theater-and-dance\/wp-json\/wp\/v2\/pages\/7256\/revisions"}],"predecessor-version":[{"id":8921,"href":"https:\/\/www.macalester.edu\/theater-and-dance\/wp-json\/wp\/v2\/pages\/7256\/revisions\/8921"}],"up":[{"embeddable":true,"href":"https:\/\/www.macalester.edu\/theater-and-dance\/wp-json\/wp\/v2\/pages\/214"}],"wp:attachment":[{"href":"https:\/\/www.macalester.edu\/theater-and-dance\/wp-json\/wp\/v2\/media?parent=7256"}],"curies":[{"name":"wp","href":"https:\/\/api.w.org\/{rel}","templated":true}]}}